g) = 2111*g**2 + 8451*g - 9. Give q(-4).
-37
Let j(d) = -13*d**2 + 4794*d - 81064. Give j(351).
17
Let a(z) = -z**3 + 58*z**2 + 14905*z + 330750. Give a(-26).
4
Let a(x) = 7625*x - 60977. Calculate a(8).
23
Let x(z) = 4288*z + 60174. Determine x(-14).
142
Let u(g) = -28*g**2 + 1028*g + 4641. Give u(-4).
81
Let x(l) = 6*l**2 + 697*l + 816. Give x(-115).
11
Let x(j) = -4222*j - 249469. Calculate x(-59).
-371
Let m(a) = 6750*a + 53418. Give m(-8).
-582
Let n(z) = -10*z**2 + 7674*z - 3045. Calculate n(767).
23
Let i(q) = -23*q**2 + 4415*q + 230. Give i(192).
38
Let r(o) = 144*o**3 - 60*o**2 - 5*o - 9. Determine r(3).
3324
Let x(y) = 2*y**3 - 102*y**2 + 8*y - 132. Determine x(51).
276
Let t(u) = -4904*u - 1539851. Give t(-314).
5
Let n(z) = 2*z**3 + 49*z**2 + 30*z - 224. Give n(-24).
-368
Let l(g) = -31*g**3 - 12*g**2 - 60*g - 32. What is l(-6)?
6592
Let k(l) = -3*l**3 + 115*l**2 + 1222*l + 43. What is k(47)?
43
Let g(p) = 21614*p - 842861. What is g(39)?
85
Let y(j) = -351*j**2 - j + 294. What is y(0)?
294
Let v(w) = -w**3 + 408*w**2 + 1246*w - 5350. Calculate v(411).
-7
Let l(o) = -143*o**2 + 69*o + 46. What is l(3)?
-1034
Let o(u) = -8*u**3 + 1240*u**2 + 33*u - 5137. Calculate o(155).
-22
Let c(x) = -3*x**2 + 277*x + 175403. Determine c(-200).
3
Let t(y) = 83*y + 3154. What is t(-38)?
0
Let y(s) = -50*s - 12078. Calculate y(-103).
-6928
Let z(q) = 3*q**3 - 431*q**2 + 1210*q - 11614. Give z(141).
-52
Let h(c) = 4*c**3 + 68*c**2 - 127*c + 92. Calculate h(-17).
2251
Let j(r) = 119*r**3 - 18*r**2 + 183*r - 275. Calculate j(2).
971
Let w(c) = 2*c**3 - 58*c**2 + 345*c - 256. Calculate w(7).
3
Let p(a) = 16*a**3 - 1437*a**2 + 1161*a - 498. What is p(89)?
-142
Let o(w) = -225*w - 84345. Give o(-375).
30
Let g(w) = -40*w**2 - 3903*w - 23916. Calculate g(-91).
17
Let g(l) = 248*l - 17522. What is g(72)?
334
Let o(h) = -27*h**3 - 58*h**2 + 2136*h + 4284. Calculate o(-2).
-4
Let v(x) = -17*x**3 + 31*x**2 - 372*x + 748. What is v(2)?
-8
Let k(a) = a**2 + 604*a - 222713. Calculate k(258).
-317
Let a(m) = -m**3 + 56*m**2 - 134*m - 583. Give a(52).
3265
Let u(d) = 10399*d**2 + 114375*d - 116. What is u(-11)?
38
Let r(k) = -2*k**3 - 20*k**2 - 544*k - 6791. Give r(-12).
313
Let a(d) = 40*d**2 + 15051*d + 146533. Calculate a(-10).
23
Let s(q) = -6*q**2 + 457*q - 495. Calculate s(77).
-880
Let q(z) = z**2 + 42*z - 431. Determine q(21).
892
Let u(d) = -333*d**2 - 34*d - 62. What is u(-2)?
-1326
Let u(k) = k**3 + 70*k**2 - 541*k - 84. Give u(-77).
70
Let v(i) = 9*i**3 - 36*i**2 + 11*i - 105. What is v(5)?
175
Let u(f) = 465*f + 1926. What is u(-4)?
66
Let q(p) = -5*p**3 - 6*p**2 - 34*p - 108. Calculate q(-3).
75
Let t(r) = 10*r**3 - 141*r**2 - 175*r + 2631. Give t(14).
-15
Let f(r) = -6099*r - 79322. What is f(-13)?
-35
Let y(d) = 27*d**2 + 380*d + 226. Determine y(-17).
1569
Let q(i) = i**3 - 47*i**2 + 482*i - 772. What is q(13)?
-252
Let s(k) = k**2 - 5035*k - 35186. Determine s(-7).
108
Let q(c) = 374*c - 16082. What is q(44)?
374
Let u(y) = 2*y**3 + 20*y**2 - 124*y + 687. Give u(-16).
-401
Let r(g) = -28915*g - 144565. What is r(-5)?
10
Let s(r) = 3*r**2 - 105*r - 1490. Give s(46).
28
Let k(u) = 7387*u + 29422. What is k(-4)?
-126
Let o(h) = 5*h**3 + 191*h**2 + 21*h - 8. Determine o(0).
-8
Let m(v) = -v**3 + 990*v**2 - 5135*v + 206844. What is m(985)?
-6
Let s(p) = p**3 + 77*p**2 + 793*p + 1. Calculate s(-13).
508
Let z(k) = 11090*k + 310547. Give z(-28).
27
Let n(w) = 5*w**3 + 28*w**2 - 38*w - 19. What is n(-8)?
-483
Let y(q) = 66*q**2 + 4734*q + 24957. Determine y(-66).
9
Let d(i) = 1382*i + 736545. Give d(-533).
-61
Let i(n) = n**2 - 24683*n - 444577. Calculate i(-18).
41
Let b(w) = w**2 - 754884*w - 5284307. Calculate b(-7).
-70
Let j(m) = 4*m**3 + 1600*m**2 - 3*m - 1611. Give j(-400).
-411
Let x(c) = 12*c - 2034. Give x(157).
-150
Let t(a) = -21*a**2 + 262*a - 681. Give t(9).
-24
Let h(s) = 82*s - 14252. Give h(170).
-312
Let k(u) = -18653*u + 21357691. Determine k(1145).
6
Let r(w) = 14*w**2 + 820*w - 42310. Determine r(33).
-4
Let s(c) = -5*c**2 + 92*c - 359. Calculate s(7).
40
Let m(v) = -20*v**3 + 49*v**2 + 96*v + 10. Calculate m(-5).
3255
Let a(x) = -345*x**2 - 3091*x + 43. Calculate a(-9).
-83
Let l(g) = -4872*g - 24183. Determine l(-5).
177
Let f(q) = 7*q**2 - 123*q - 978. Determine f(-7).
226
Let d(l) = l**2 - 203*l - 274313. Determine d(-432).
7
Let w(m) = m**2 - 584*m - 3644. Determine w(-6).
-104
Let t(m) = m**2 + 3677*m + 69506. What is t(-19)?
4
Let m(s) = 17261*s + 51586. What is m(-3)?
-197
Let c(a) = 13*a**2 + 22646*a - 67954. Determine c(3).
101
Let f(v) = 2*v**2 - 852*v + 78571. Calculate f(135).
1
Let h(y) = 13*y**3 - 8*y**2 - 59*y + 225. Calculate h(4).
693
Let y(s) = 3785*s + 552605. Give y(-146).
-5
Let b(n) = n**2 + 336*n - 1878. Give b(19).
4867
Let q(n) = -360*n - 81214. Determine q(-226).
146
Let v(n) = 18*n**2 - 27*n - 131. Determine v(-4).
265
Let j(t) = -t**2 - 4505*t + 63243. What is j(14)?
-23
Let x(c) = 199*c**2 - 1553*c + 41. Give x(8).
353
Let r(p) = p**3 - 180*p**2 + 539*p + 312. Determine r(177).
1728
Let r(t) = -2066*t**2 + 1998*t - 7. Calculate r(2).
-4275
Let a(y) = -2390*y - 19072. Give a(-8).
48
Let j(y) = -1374*y + 319856. What is j(233)?
-286
Let a(w) = 38*w**2 - 2570*w + 18100. Give a(8).
-28
Let t(j) = -12*j**2 - 235*j - 69. Calculate t(-19).
64
Let k(n) = -n**3 - 132*n**2 + 376*n + 10. Calculate k(3).
-77
Let w(c) = -63797*c - 1275888. Calculate w(-20).
52
Let f(t) = 93*t**2 + 1402*t + 2552. Determine f(-13).
43
Let u(v) = 7*v**2 - 1068*v - 4566. Calculate u(160).
3754
Let c(k) = 969*k + 37915. Determine c(-38).
1093
Let j(i) = 16866*i + 202391. What is j(-12)?
-1
Let t(o) = 304*o**2 - 168*o + 165. Determine t(1).
301
Let n(m) = -185*m**2 + 189*m - 796. Determine n(4).
-3000
Let f(k) = -k**3 + 21*k**2 - 22*k + 296. What is f(21)?
-166
Let n(p) = p**3 - 145*p**2 + 4*p - 235. Determine n(145).
345
Let i(l) = -5*l**2 + 1213*l - 46256. Determine i(48).
448
Let j(t) = t**3 + 467*t**2 + 2745*t - 9636. Calculate j(-461).
45
Let k(c) = c**3 - 163*c**2 + 482*c - 360. What is k(160)?
-40
Let g(z) = 2982*z + 23896. Calculate g(-8).
40
Let z(v) = -793*v**3 - 7928*v**2 - 194. Calculate z(-10).
6
Let l(z) = -z**3 - 128*z**2 + 532*z + 527. Determine l(-132).
-1
Let z(m) = -2*m**2 + 29*m - 940. Calculate z(15).
-955
Let f(x) = 456*x + 91147. What is f(-200)?
-53
Let t(s) = -11*s**2 - 91*s - 1027. Determine t(-11).
-1357
Let j(c) = -9*c**2 + 28*c + 2. Determine j(-3).
-163
Let p(b) = -5029*b**2 + 236366*b - 96. Determine p(47).
45
Let v(a) = 9*a**2 + 410*a + 193. Give v(-45).
-32
Let c(b) = -2*b**2 + 888*b + 23668. Give c(473).
-3766
Let l(i) = -15*i**2 - 749*i - 5120. What is l(-8)?
-88
Let v(s) = -4106*s + 37973. Give v(10).
-3087
Let n(t) = -4*t**2 - 127232*t + 127233. Calculate n(1).
-3
Let b(j) = 2*j**3 + 12*j**2 - 153*j - 14. Give b(5).
-229
Let f(h) = -h**3 + 74*h**2 - 197*h + 5523. Determine f(72).
1707
Let w(u) = 2*u**2 - 147784*u - 1773714. What is w(-12)?
-18
Let g(b) = 5*b**3 - 9*b**2 - 18*b - 58. Give g(6).
590
Let k(y) = 85*y**2 + 2290*y + 7724. Calculate k(-23).
19
Let v(x) = 609*x + 16883. Determine v(-27).
440
Let t(u) = -366674*u + 1100001. What is t(3)?
-21
Let t(o) = -1047*o - 84803. Calculate t(-81).
4
Let i(n) = -407*n + 4350. Give i(7).
1501
Let i(m) = 72*m**2 + 103*m - 5. Calculate i(1).
170
Let l(y) = 30*y**2 - 38897*y + 386001. What is l(10)?
31
Let p(q) = q**3 + 93*q**2 - 15661*q + 102. What is p(-180)?
282
Let v(x) = 73*x + 20929. Give v(-287).
-22
Let k(z) = 134*z + 4989. Determine k(-60).
-3051
Let a(n) = -2428*n + 1027041. Calculate a(423).
-3
Let m(o) = -5457*o - 2002716. Calculate m(-367).
3
Let c(o) = 4*o**2 + 1195*o + 2808. Determine c(-297).
729
Let j(l) = 4*l**2 - 8125*l - 16255. Calculate j(-2).
11
Let r(v) = -7*v**3 + 50*v**2 - 68*v + 148. Give r(7).
-279
Let x(o) = -7*o**2 + 2523*o + 20266. Calculate x(-8).
-366
Let y(g) = -16*g**3 - 1058*g**2 - 129*g + 170. Determine y(-66).
-28
Let j(h) = -6*h**2 + 1183*h - 28433. Determine j(28).
-13
Let u(f) = 5658*f + 537016. Determine u(-95).
-494
Let z(q) = -586*q - 65705. Calculate z(-112).
-73
Let c(i) = 5*i**3 + 130*i**2 + 820*i + 20. Give c(-17).
-915
Let y(t) = 2*t**3 + 27*t**2 - 113*t - 429. Give y(-15).
591
Let a(w) = -151*w**2 - 2721*w -